{"id":42386,"date":"2024-05-21T14:44:02","date_gmt":"2024-05-21T12:44:02","guid":{"rendered":"https:\/\/audibax.com\/?post_type=product&#038;p=42386"},"modified":"2024-05-21T17:55:22","modified_gmt":"2024-05-21T15:55:22","slug":"pro-rack-stand-12u","status":"publish","type":"product","link":"https:\/\/audibax.com\/fr\/produit\/pro-rack-stand-12u\/","title":{"rendered":"Pro Rack Stand 12u"},"content":{"rendered":"<p>L&rsquo;Audibax Pro Rack Stand 12U est un rack sur pied et l\u00e9g\u00e8rement inclin\u00e9, ce rack de studio est id\u00e9al pour les studios qui ont besoin d&rsquo;une configuration flexible. Qu&rsquo;il s&rsquo;agisse d&rsquo;un rack de stockage autonome ou d&rsquo;une extension d&rsquo;un espace de travail. Ce support de studio est dot\u00e9 d&rsquo;un cadre en acier tr\u00e8s r\u00e9sistant pour un mobilier de studio durable et fiable.<\/p>\n<p>Dimensions : 81 x 55 x 50 cm<\/p>\n","protected":false},"excerpt":{"rendered":"<p>L&rsquo;Audibax Pro Rack Stand 12U est un rack sur pied et l\u00e9g\u00e8rement inclin\u00e9, ce rack de studio est id\u00e9al pour les studios qui ont besoin d&rsquo;une configuration flexible. Qu&rsquo;il s&rsquo;agisse d&rsquo;un rack de stockage autonome ou d&rsquo;une extension d&rsquo;un espace de travail. Ce support de studio est dot\u00e9 d&rsquo;un cadre en acier tr\u00e8s r\u00e9sistant pour un mobilier de studio durable et fiable.<\/p>\n<p>Dimensions : 81 x 55 x 50 cm<\/p>\n","protected":false},"featured_media":42396,"comment_status":"open","ping_status":"closed","template":"","meta":{"_acf_changed":false},"product_cat":[695],"product_tag":[],"class_list":{"0":"post-42386","1":"product","2":"type-product","3":"status-publish","4":"has-post-thumbnail","6":"product_cat-hardware-fr","8":"first","9":"instock","10":"shipping-taxable","11":"product-type-simple"},"acf":[],"yoast_head":"<!-- This site is optimized with the Yoast SEO plugin v27.0 - https:\/\/yoast.com\/product\/yoast-seo-wordpress\/ -->\n<title>Pro Rack Stand 12u - Audibax<\/title>\n<meta name=\"robots\" content=\"index, follow, max-snippet:-1, max-image-preview:large, max-video-preview:-1\" \/>\n<link rel=\"canonical\" href=\"https:\/\/audibax.com\/fr\/produit\/pro-rack-stand-12u\/\" \/>\n<meta property=\"og:locale\" content=\"fr_FR\" \/>\n<meta property=\"og:type\" content=\"article\" \/>\n<meta property=\"og:title\" content=\"Pro Rack Stand 12u - Audibax\" \/>\n<meta property=\"og:description\" content=\"L&#039;Audibax Pro Rack Stand 12U est un rack sur pied et l\u00e9g\u00e8rement inclin\u00e9, ce rack de studio est id\u00e9al pour les studios qui ont besoin d&#039;une configuration flexible. Qu&#039;il s&#039;agisse d&#039;un rack de stockage autonome ou d&#039;une extension d&#039;un espace de travail. Ce support de studio est dot\u00e9 d&#039;un cadre en acier tr\u00e8s r\u00e9sistant pour un mobilier de studio durable et fiable.  Dimensions : 81 x 55 x 50 cm\" \/>\n<meta property=\"og:url\" content=\"https:\/\/audibax.com\/fr\/produit\/pro-rack-stand-12u\/\" \/>\n<meta property=\"og:site_name\" content=\"Audibax\" \/>\n<meta property=\"article:modified_time\" content=\"2024-05-21T15:55:22+00:00\" \/>\n<meta property=\"og:image\" content=\"https:\/\/audibax.com\/wp-content\/uploads\/2024\/05\/ProRackStand12u-3.png\" \/>\n\t<meta property=\"og:image:width\" content=\"2000\" \/>\n\t<meta property=\"og:image:height\" content=\"2000\" \/>\n\t<meta property=\"og:image:type\" content=\"image\/png\" \/>\n<meta name=\"twitter:card\" content=\"summary_large_image\" \/>\n<meta name=\"twitter:label1\" content=\"Dur\u00e9e de lecture estim\u00e9e\" \/>\n\t<meta name=\"twitter:data1\" content=\"1 minute\" \/>\n<script type=\"application\/ld+json\" class=\"yoast-schema-graph\">{\"@context\":\"https:\/\/schema.org\",\"@graph\":[{\"@type\":\"WebPage\",\"@id\":\"https:\/\/audibax.com\/fr\/produit\/pro-rack-stand-12u\/\",\"url\":\"https:\/\/audibax.com\/fr\/produit\/pro-rack-stand-12u\/\",\"name\":\"Pro Rack Stand 12u - Audibax\",\"isPartOf\":{\"@id\":\"https:\/\/audibax.com\/fr\/#website\"},\"primaryImageOfPage\":{\"@id\":\"https:\/\/audibax.com\/fr\/produit\/pro-rack-stand-12u\/#primaryimage\"},\"image\":{\"@id\":\"https:\/\/audibax.com\/fr\/produit\/pro-rack-stand-12u\/#primaryimage\"},\"thumbnailUrl\":\"https:\/\/audibax.com\/wp-content\/uploads\/2024\/05\/ProRackStand12u-3.png\",\"datePublished\":\"2024-05-21T12:44:02+00:00\",\"dateModified\":\"2024-05-21T15:55:22+00:00\",\"breadcrumb\":{\"@id\":\"https:\/\/audibax.com\/fr\/produit\/pro-rack-stand-12u\/#breadcrumb\"},\"inLanguage\":\"fr-FR\",\"potentialAction\":[{\"@type\":\"ReadAction\",\"target\":[\"https:\/\/audibax.com\/fr\/produit\/pro-rack-stand-12u\/\"]}]},{\"@type\":\"ImageObject\",\"inLanguage\":\"fr-FR\",\"@id\":\"https:\/\/audibax.com\/fr\/produit\/pro-rack-stand-12u\/#primaryimage\",\"url\":\"https:\/\/audibax.com\/wp-content\/uploads\/2024\/05\/ProRackStand12u-3.png\",\"contentUrl\":\"https:\/\/audibax.com\/wp-content\/uploads\/2024\/05\/ProRackStand12u-3.png\",\"width\":2000,\"height\":2000},{\"@type\":\"BreadcrumbList\",\"@id\":\"https:\/\/audibax.com\/fr\/produit\/pro-rack-stand-12u\/#breadcrumb\",\"itemListElement\":[{\"@type\":\"ListItem\",\"position\":1,\"name\":\"Portada\",\"item\":\"https:\/\/audibax.com\/fr\/\"},{\"@type\":\"ListItem\",\"position\":2,\"name\":\"Produits\",\"item\":\"https:\/\/audibax.com\/fr\/shop\/\"},{\"@type\":\"ListItem\",\"position\":3,\"name\":\"Pro Rack Stand 12u\"}]},{\"@type\":\"WebSite\",\"@id\":\"https:\/\/audibax.com\/fr\/#website\",\"url\":\"https:\/\/audibax.com\/fr\/\",\"name\":\"Audibax\",\"description\":\"\",\"publisher\":{\"@id\":\"https:\/\/audibax.com\/fr\/#organization\"},\"potentialAction\":[{\"@type\":\"SearchAction\",\"target\":{\"@type\":\"EntryPoint\",\"urlTemplate\":\"https:\/\/audibax.com\/fr\/?s={search_term_string}\"},\"query-input\":{\"@type\":\"PropertyValueSpecification\",\"valueRequired\":true,\"valueName\":\"search_term_string\"}}],\"inLanguage\":\"fr-FR\"},{\"@type\":\"Organization\",\"@id\":\"https:\/\/audibax.com\/fr\/#organization\",\"name\":\"Audibax\",\"url\":\"https:\/\/audibax.com\/fr\/\",\"logo\":{\"@type\":\"ImageObject\",\"inLanguage\":\"fr-FR\",\"@id\":\"https:\/\/audibax.com\/fr\/#\/schema\/logo\/image\/\",\"url\":\"https:\/\/audibax.com\/wp-content\/uploads\/2023\/09\/logo-Audibax-BLANCO-SVG-1.svg\",\"contentUrl\":\"https:\/\/audibax.com\/wp-content\/uploads\/2023\/09\/logo-Audibax-BLANCO-SVG-1.svg\",\"caption\":\"Audibax\"},\"image\":{\"@id\":\"https:\/\/audibax.com\/fr\/#\/schema\/logo\/image\/\"}}]}<\/script>\n<!-- \/ Yoast SEO plugin. -->","yoast_head_json":{"title":"Pro Rack Stand 12u - Audibax","robots":{"index":"index","follow":"follow","max-snippet":"max-snippet:-1","max-image-preview":"max-image-preview:large","max-video-preview":"max-video-preview:-1"},"canonical":"https:\/\/audibax.com\/fr\/produit\/pro-rack-stand-12u\/","og_locale":"fr_FR","og_type":"article","og_title":"Pro Rack Stand 12u - Audibax","og_description":"L'Audibax Pro Rack Stand 12U est un rack sur pied et l\u00e9g\u00e8rement inclin\u00e9, ce rack de studio est id\u00e9al pour les studios qui ont besoin d'une configuration flexible. Qu'il s'agisse d'un rack de stockage autonome ou d'une extension d'un espace de travail. Ce support de studio est dot\u00e9 d'un cadre en acier tr\u00e8s r\u00e9sistant pour un mobilier de studio durable et fiable.  Dimensions : 81 x 55 x 50 cm","og_url":"https:\/\/audibax.com\/fr\/produit\/pro-rack-stand-12u\/","og_site_name":"Audibax","article_modified_time":"2024-05-21T15:55:22+00:00","og_image":[{"width":2000,"height":2000,"url":"https:\/\/audibax.com\/wp-content\/uploads\/2024\/05\/ProRackStand12u-3.png","type":"image\/png"}],"twitter_card":"summary_large_image","twitter_misc":{"Dur\u00e9e de lecture estim\u00e9e":"1 minute"},"schema":{"@context":"https:\/\/schema.org","@graph":[{"@type":"WebPage","@id":"https:\/\/audibax.com\/fr\/produit\/pro-rack-stand-12u\/","url":"https:\/\/audibax.com\/fr\/produit\/pro-rack-stand-12u\/","name":"Pro Rack Stand 12u - Audibax","isPartOf":{"@id":"https:\/\/audibax.com\/fr\/#website"},"primaryImageOfPage":{"@id":"https:\/\/audibax.com\/fr\/produit\/pro-rack-stand-12u\/#primaryimage"},"image":{"@id":"https:\/\/audibax.com\/fr\/produit\/pro-rack-stand-12u\/#primaryimage"},"thumbnailUrl":"https:\/\/audibax.com\/wp-content\/uploads\/2024\/05\/ProRackStand12u-3.png","datePublished":"2024-05-21T12:44:02+00:00","dateModified":"2024-05-21T15:55:22+00:00","breadcrumb":{"@id":"https:\/\/audibax.com\/fr\/produit\/pro-rack-stand-12u\/#breadcrumb"},"inLanguage":"fr-FR","potentialAction":[{"@type":"ReadAction","target":["https:\/\/audibax.com\/fr\/produit\/pro-rack-stand-12u\/"]}]},{"@type":"ImageObject","inLanguage":"fr-FR","@id":"https:\/\/audibax.com\/fr\/produit\/pro-rack-stand-12u\/#primaryimage","url":"https:\/\/audibax.com\/wp-content\/uploads\/2024\/05\/ProRackStand12u-3.png","contentUrl":"https:\/\/audibax.com\/wp-content\/uploads\/2024\/05\/ProRackStand12u-3.png","width":2000,"height":2000},{"@type":"BreadcrumbList","@id":"https:\/\/audibax.com\/fr\/produit\/pro-rack-stand-12u\/#breadcrumb","itemListElement":[{"@type":"ListItem","position":1,"name":"Portada","item":"https:\/\/audibax.com\/fr\/"},{"@type":"ListItem","position":2,"name":"Produits","item":"https:\/\/audibax.com\/fr\/shop\/"},{"@type":"ListItem","position":3,"name":"Pro Rack Stand 12u"}]},{"@type":"WebSite","@id":"https:\/\/audibax.com\/fr\/#website","url":"https:\/\/audibax.com\/fr\/","name":"Audibax","description":"","publisher":{"@id":"https:\/\/audibax.com\/fr\/#organization"},"potentialAction":[{"@type":"SearchAction","target":{"@type":"EntryPoint","urlTemplate":"https:\/\/audibax.com\/fr\/?s={search_term_string}"},"query-input":{"@type":"PropertyValueSpecification","valueRequired":true,"valueName":"search_term_string"}}],"inLanguage":"fr-FR"},{"@type":"Organization","@id":"https:\/\/audibax.com\/fr\/#organization","name":"Audibax","url":"https:\/\/audibax.com\/fr\/","logo":{"@type":"ImageObject","inLanguage":"fr-FR","@id":"https:\/\/audibax.com\/fr\/#\/schema\/logo\/image\/","url":"https:\/\/audibax.com\/wp-content\/uploads\/2023\/09\/logo-Audibax-BLANCO-SVG-1.svg","contentUrl":"https:\/\/audibax.com\/wp-content\/uploads\/2023\/09\/logo-Audibax-BLANCO-SVG-1.svg","caption":"Audibax"},"image":{"@id":"https:\/\/audibax.com\/fr\/#\/schema\/logo\/image\/"}}]}},"_links":{"self":[{"href":"https:\/\/audibax.com\/fr\/wp-json\/wp\/v2\/product\/42386","targetHints":{"allow":["GET"]}}],"collection":[{"href":"https:\/\/audibax.com\/fr\/wp-json\/wp\/v2\/product"}],"about":[{"href":"https:\/\/audibax.com\/fr\/wp-json\/wp\/v2\/types\/product"}],"replies":[{"embeddable":true,"href":"https:\/\/audibax.com\/fr\/wp-json\/wp\/v2\/comments?post=42386"}],"wp:featuredmedia":[{"embeddable":true,"href":"https:\/\/audibax.com\/fr\/wp-json\/wp\/v2\/media\/42396"}],"wp:attachment":[{"href":"https:\/\/audibax.com\/fr\/wp-json\/wp\/v2\/media?parent=42386"}],"wp:term":[{"taxonomy":"product_cat","embeddable":true,"href":"https:\/\/audibax.com\/fr\/wp-json\/wp\/v2\/product_cat?post=42386"},{"taxonomy":"product_tag","embeddable":true,"href":"https:\/\/audibax.com\/fr\/wp-json\/wp\/v2\/product_tag?post=42386"}],"curies":[{"name":"wp","href":"https:\/\/api.w.org\/{rel}","templated":true}]}}

<p>L&rsquo;Audibax Pro Rack Stand 12U est un rack sur pied et légèrement incliné, ce rack de studio est idéal pour les studios qui ont besoin d&rsquo;une configuration flexible. Qu&rsquo;il s&rsquo;agisse d&rsquo;un rack de stockage autonome ou d&rsquo;une extension d&rsquo;un espace de travail. Ce support de studio est doté d&rsquo;un cadre en acier très résistant pour un mobilier de studio durable et fiable.</p>
<p>Dimensions : 81 x 55 x 50 cm</p>

<!-- This site is optimized with the Yoast SEO plugin v27.0 - https://yoast.com/product/yoast-seo-wordpress/ -->
<title>Pro Rack Stand 12u - Audibax</title>
<meta name="robots" content="index, follow, max-snippet:-1, max-image-preview:large, max-video-preview:-1" />
<link rel="canonical" href="https://audibax.com/fr/produit/pro-rack-stand-12u/" />
<meta property="og:locale" content="fr_FR" />
<meta property="og:type" content="article" />
<meta property="og:title" content="Pro Rack Stand 12u - Audibax" />
<meta property="og:description" content="L&#039;Audibax Pro Rack Stand 12U est un rack sur pied et légèrement incliné, ce rack de studio est idéal pour les studios qui ont besoin d&#039;une configuration flexible. Qu&#039;il s&#039;agisse d&#039;un rack de stockage autonome ou d&#039;une extension d&#039;un espace de travail. Ce support de studio est doté d&#039;un cadre en acier très résistant pour un mobilier de studio durable et fiable.  Dimensions : 81 x 55 x 50 cm" />
<meta property="og:url" content="https://audibax.com/fr/produit/pro-rack-stand-12u/" />
<meta property="og:site_name" content="Audibax" />
<meta property="article:modified_time" content="2024-05-21T15:55:22+00:00" />
<meta property="og:image" content="https://audibax.com/wp-content/uploads/2024/05/ProRackStand12u-3.png" />
	<meta property="og:image:width" content="2000" />
	<meta property="og:image:height" content="2000" />
	<meta property="og:image:type" content="image/png" />
<meta name="twitter:card" content="summary_large_image" />
<meta name="twitter:label1" content="Durée de lecture estimée" />
	<meta name="twitter:data1" content="1 minute" />
<script type="application/ld+json" class="yoast-schema-graph">{"@context":"https://schema.org","@graph":[{"@type":"WebPage","@id":"https://audibax.com/fr/produit/pro-rack-stand-12u/","url":"https://audibax.com/fr/produit/pro-rack-stand-12u/","name":"Pro Rack Stand 12u - Audibax","isPartOf":{"@id":"https://audibax.com/fr/#website"},"primaryImageOfPage":{"@id":"https://audibax.com/fr/produit/pro-rack-stand-12u/#primaryimage"},"image":{"@id":"https://audibax.com/fr/produit/pro-rack-stand-12u/#primaryimage"},"thumbnailUrl":"https://audibax.com/wp-content/uploads/2024/05/ProRackStand12u-3.png","datePublished":"2024-05-21T12:44:02+00:00","dateModified":"2024-05-21T15:55:22+00:00","breadcrumb":{"@id":"https://audibax.com/fr/produit/pro-rack-stand-12u/#breadcrumb"},"inLanguage":"fr-FR","potentialAction":[{"@type":"ReadAction","target":["https://audibax.com/fr/produit/pro-rack-stand-12u/"]}]},{"@type":"ImageObject","inLanguage":"fr-FR","@id":"https://audibax.com/fr/produit/pro-rack-stand-12u/#primaryimage","url":"https://audibax.com/wp-content/uploads/2024/05/ProRackStand12u-3.png","contentUrl":"https://audibax.com/wp-content/uploads/2024/05/ProRackStand12u-3.png","width":2000,"height":2000},{"@type":"BreadcrumbList","@id":"https://audibax.com/fr/produit/pro-rack-stand-12u/#breadcrumb","itemListElement":[{"@type":"ListItem","position":1,"name":"Portada","item":"https://audibax.com/fr/"},{"@type":"ListItem","position":2,"name":"Produits","item":"https://audibax.com/fr/shop/"},{"@type":"ListItem","position":3,"name":"Pro Rack Stand 12u"}]},{"@type":"WebSite","@id":"https://audibax.com/fr/#website","url":"https://audibax.com/fr/","name":"Audibax","description":"","publisher":{"@id":"https://audibax.com/fr/#organization"},"potentialAction":[{"@type":"SearchAction","target":{"@type":"EntryPoint","urlTemplate":"https://audibax.com/fr/?s={search_term_string}"},"query-input":{"@type":"PropertyValueSpecification","valueRequired":true,"valueName":"search_term_string"}}],"inLanguage":"fr-FR"},{"@type":"Organization","@id":"https://audibax.com/fr/#organization","name":"Audibax","url":"https://audibax.com/fr/","logo":{"@type":"ImageObject","inLanguage":"fr-FR","@id":"https://audibax.com/fr/#/schema/logo/image/","url":"https://audibax.com/wp-content/uploads/2023/09/logo-Audibax-BLANCO-SVG-1.svg","contentUrl":"https://audibax.com/wp-content/uploads/2023/09/logo-Audibax-BLANCO-SVG-1.svg","caption":"Audibax"},"image":{"@id":"https://audibax.com/fr/#/schema/logo/image/"}}]}</script>
<!-- / Yoast SEO plugin. -->

L'Audibax Pro Rack Stand 12U est un rack sur pied et légèrement incliné, ce rack de studio est idéal pour les studios qui ont besoin d'une configuration flexible. Qu'il s'agisse d'un rack de stockage autonome ou d'une extension d'un espace de travail. Ce support de studio est doté d'un cadre en acier très résistant pour un mobilier de studio durable et fiable.  Dimensions : 81 x 55 x 50 cm
